12)/z. What is the greatest common factor of f and i?
2
Let p = -2 + 7. Suppose -4*n = x - 33, 3*n - p - 1 = 0. Let g = -5 + x. What is the highest common divisor of g and 30?
10
Let f(c) = 23*c**2 - 2. Let n be f(-2). What is the highest common factor of n and 36?
18
Let d(y) = y**3 - y**2 - 9*y - 17. Let o be d(5). Calculate the greatest common factor of o and 2.
2
Let a be (47/(-2))/((-1)/(-2)). Let d = -21 - a. Let v be (-2)/4*-26 - 0. What is the highest common divisor of d and v?
13
Suppose -l = -2 - 5. What is the highest common divisor of 28 and l?
7
Let h = -5 - -17. Suppose -b + 1 = -3*f - 2*b, 4*f = 2*b + h. What is the highest common divisor of f and 1?
1
Let v(y) = -11*y - 56. Let f be v(-11). Calculate the highest common factor of 39 and f.
13
Let w(m) = -m**3 - 5*m**2 + 5*m - 1. Let s be w(-6). Suppose 0 = 6*i - i + 15. Let h be (-1)/3 + (-4)/i. Calculate the greatest common divisor of s and h.
1
Let p be 6*(0 + 1 + 0). Suppose -p*o = -o - 225. Calculate the highest common factor of 9 and o.
9
Let h(j) = -8*j**2 - j + 2. Let r(q) = q**3 - 5*q**2 - 6*q + 2. Let o be r(6). Let n be h(o). Let k = 52 + n. What is the greatest common divisor of 30 and k?
10
Let v(u) = -u**3 - 3*u**2 - 2*u + 3. Let n be v(-3). Suppose n*g - 3*g = 24. What is the greatest common divisor of g and 24?
4
Let i = 26 + -9. Suppose 5*a = i - 2. Let h(j) = -j**3 + 5*j**2 - 3*j + 5. Let k be h(4). Calculate the highest common divisor of k and a.
3
Suppose 3*s - 3 - 159 = 0. Calculate the greatest common divisor of 36 and s.
18
Let b(o) = o**2 + 2*o + 1. Let g be b(3). Let p be (1 - 0)*-1 - -17. What is the highest common divisor of g and p?
16
Let v be ((-6)/10)/((-2)/10). Suppose 4*y + m = 22, -v*y - 4*m + 22 = -6*m. Calculate the greatest common factor of 9 and y.
3
Let x(i) be the third derivative of -i**6/120 + 2*i**5/15 - i**4/6 + 5*i**3/6 - 2*i**2. Let u be x(5). What is the highest common factor of u and 12?
12
Let c(d) = -5*d - 53. Let y be c(-15). What is the greatest common factor of 44 and y?
22
Let n be 148/2*(-3)/(-6). Suppose 4*u = -4, 7*u + n = 2*c + 2*u. What is the greatest common factor of c and 128?
16
Let o be (-27)/2*8/(-3). Let i(h) = 6*h**2 + 2*h - 2. Let b be i(-2). Calculate the greatest common divisor of o and b.
18
Let t(d) be the third derivative of d**6/120 - d**5/10 - d**4/6 + 3*d**3/2 + 5*d**2. Let j be t(7). Calculate the greatest common factor of j and 20.
10
Let n be (-2)/9 + (-564)/(-108). Let q(c) = c**3 - 4*c**2 - 5*c + 7. Let v be q(n). What is the greatest common factor of 7 and v?
7
Suppose -11 = -2*d - 3. Suppose 8 = d*u - 12. Calculate the greatest common factor of 20 and u.
5
Suppose 2*w - 4*w + 320 = 0. What is the greatest common divisor of w and 20?
20
Let n be (-44)/(-3)*(-99)/(-6). Suppose 2*b - 23 - 21 = 0. What is the greatest common divisor of b and n?
22
Let f(w) = w**2 + 4*w + 6. Let h be f(-5). Suppose 0 = -2*z + 5*q + 136, q + 302 = 4*z + 6*q. Let d = 26 + z. What is the greatest common factor of d and h?
11
Let j be 136 - (2 + -2 - -3). Calculate the greatest common divisor of j and 19.
19
Let g(s) = -s**3 + 8*s**2 - 10*s + 12. Let z be g(6). Let n(w) = -w**2 - 10*w - 8. Let c be n(-8). What is the greatest common divisor of z and c?
8
Suppose 3*x + 35 = 3*y + 5, 56 = -5*x - y. Let t = -2 - x. Calculate the highest common divisor of t and 72.
9
Suppose 6*s - 375 = s. What is the greatest common factor of s and 15?
15
Suppose 0*l + l - 3*r = 5, 4*r + 2 = -l. Suppose -6 = -u - l. Suppose 0 = -3*h - 17 + 125. Calculate the highest common factor of h and u.
4
Suppose 1049 = 5*u + 4*i, u - 31 = -i + 179. Let a = -19 + 22. Suppose a*d = -d + 76. Calculate the greatest common factor of u and d.
19
Let r be (2 + (-12)/5)*-15. Let l be 15/r - 1/(-2). Suppose -10 + 1 = -l*h. What is the greatest common divisor of 21 and h?
3
Let m = -3 - -15. Let i(w) = -2*w - 4. Let o be i(-5). Calculate the highest common divisor of m and o.
6
Let y be 3 - (-1)/2*-4. Suppose -z = -0 - y. Let v be 74/10 - 8/20. What is the greatest common divisor of v and z?
1
Let s(m) = 6*m**2 - 2*m + 1. Let g be s(1). Let z = 8 - -2. What is the greatest common divisor of g and z?
5
Suppose -2*p - 5*y = -92 + 22, -2*y + 154 = 5*p. Calculate the greatest common divisor of 15 and p.
15
Suppose 3*s + 54 = 5*n, -4 = -n + 5*s - s. What is the greatest common factor of 18 and n?
6
Suppose 1 = j - 2. Suppose -h = -j*h + 144. Let n(w) = -w**3 + 6*w**2 - 7*w + 2. Let y be n(3). What is the highest common divisor of h and y?
8
Suppose 3*z - 471 = -177. What is the greatest common factor of 14 and z?
14
Let p(l) = 3*l**2 + l + 6. Let j be p(-5). Suppose 0*s + 148 = 4*b + 3*s, -2*b - s + j = 0. What is the highest common factor of b and 60?
20
Let x(z) = z**2 - 11*z + 5. Let j be x(11). What is the greatest common factor of j and 15?
5
Suppose -2*n - 3*z = -36, z + 73 = 5*n - 51. Calculate the greatest common divisor of n and 6.
6
Let u be ((-4)/(-5))/((-2)/10). Let k be 6/u*(-8)/(-6). Let q = k + 18. Calculate the greatest common factor of q and 32.
16
Suppose 0*l + 3*l - 2*z = 106, 4*l - 4*z - 136 = 0. Let x be 4/6 - l/(-6). What is the greatest common factor of 56 and x?
7
Let p be 25/4 - (-4)/(-16). What is the highest common divisor of 18 and p?
6
Suppose -495 = -5*g - 4*g. What is the highest common factor of g and 22?
11
Let v(z) = z**3 + 3*z**2 - z. Suppose -j + 4*j + 9 = 0. Let q be v(j). What is the greatest common factor of q and 6?
3
Let s(g) be the third derivative of -g**5/60 + 7*g**4/12 - 4*g**3/3 + 8*g**2. Let r be s(12). What is the greatest common divisor of 144 and r?
16
Let y be (0 + -15)*16/(-6). Suppose -8*h - 155 = 5. Let u = h - -25. What is the greatest common factor of u and y?
5
Let m = -91 - -189. What is the highest common factor of 14 and m?
14
Let r be 3 - ((-4)/(-2))/(-2). Suppose -2*k + 68 = 3*t - 2*t, -5*t = 5*k - 180. Calculate the greatest common divisor of r and k.
4
Suppose -5*a + 2 = 27, -4*a - 29 = -h. Let v = -4 - -49. What is the highest common divisor of v and h?
9
Let o(l) = 2*l**2 - 7*l - 1. Let d(k) = 6*k**2 + 1. Let f be d(1). Let y be o(f). Calculate the greatest common divisor of 32 and y.
16
Let q be (-9)/(-12) - (-52)/16. Calculate the highest common factor of q and 20.
4
Let u(g) = -g**3 - 5*g**2 + 37*g + 2. Let z be u(-10). What is the highest common factor of 12 and z?
12
Suppose -n + 4*c + 62 = 0, -24 = -5*n + 3*c + 320. Calculate the greatest common factor of n and 10.
10
Let b = -6 + 16. Calculate the highest common divisor of 20 and b.
10
Let m = 18 - 9. Let g = 21 - m. Calculate the greatest common divisor of g and 84.
12
Let z(r) be the first derivative of r**3/3 + 13*r**2/2 + 18*r + 1. Let y be z(-12). Suppose 2*k - 60 = -0*k. What is the highest common divisor of y and k?
6
Let u(h) = 3*h**2 - 4*h - 8. Let i be u(-4). Calculate the highest common divisor of 7 and i.
7
Let c(n) = -n**2 + 10*n - 15. Let q be c(5). Let f(r) = r + 1. Let p be f(-5). Let v = q + p. What is the highest common factor of v and 2?
2
Suppose -4*a - a = -5*m - 25, 8 = 3*a + 4*m. Let t = 13 + -10. Suppose -a*h + 12 = -t*h. What is the greatest common divisor of 18 and h?
6
Let j = 132 - 90. Suppose 0 = 2*m + 11 - 3. Let o(b) = b**2 + 2*b - 2. Let p be o(m). What is the highest common factor of p and j?
6
Let p = 32 + -16. Let k(l) = l**2 + 9*l + 12. Let c be k(-8). What is the highest common factor of p and c?
4
Suppose -2*j = 2*j - 8. Let o = 2 + j. Suppose -4*p = -o, 3*p + 1 = -2*g + 10. What is the greatest common factor of g and 3?
3
Let w(t) = 24*t**3 - t**2 - t + 2. Let p be w(1). What is the highest common divisor of p and 48?
24
Suppose -3*a - 5*s = -s - 124, -2*s + 8 = 0. Calculate the greatest common factor of a and 108.
36
Let i(y) = -y**2 + 5*y + 2. Let f be i(3). Suppose k = -0*k + f. Calculate the highest common factor of k and 32.
8
Suppose s = 2*q - 16, -q + 3*s = 2*q - 18. Calculate the highest common factor of 110 and q.
10
Let x = -2 - -2. Let s = 0 - x. Suppose -4*t + 6 - 2 = s. Calculate the greatest common factor of t and 7.
1
Let g(j) = j**3 - 4*j**2 + 2*j + 4. Let z be g(4). Let o be 3/(-1 - (-13)/12). Let v = o - -96. What is the greatest common divisor of v and z?
12
Let v(l) = l**3 - 2*l**2 - 